0, 3*w - 20 = -5*c + 2. Suppose -4*r - 50 = -3*t - c*r, -t + 4*r + 34 = 0. What is the tens digit of t?
1
Let v be (0 + 2)*(-10)/(-4). Suppose 3*b + 21 = n + n, 0 = -v*n - b + 27. Let t = n + -5. What is the units digit of t?
1
Let c be (-24)/9 - 2/(-3). What is the units digit of ((-3)/c)/((-6)/(-8))?
2
Let m(i) = -i**3 + 8*i**2 + 15*i - 21. What is the tens digit of m(9)?
3
Let d = 0 + 3. Suppose 0*f + f = -d. Let n = 7 + f. What is the units digit of n?
4
Suppose -o + 79 + 0 = 0. What is the units digit of o?
9
Suppose l - 28 = 3*r, l + 3*r + 85 = 5*l. What is the tens digit of l?
1
Suppose 2 = 2*z + l - 17, -2*z = -2*l - 34. What is the tens digit of z?
1
Let r(i) = i**2 - i - 1. Let g be r(0). Let w be (0/(-1) + -2)*g. What is the units digit of 1/w - 34/(-4)?
9
Suppose q = -g + 8, 4*q - 6*q = -3*g + 9. Suppose q = -2*b - 9. Let s(l) = l**2 + 6*l + 7. What is the units digit of s(b)?
7
Suppose -p = u - 5*p - 73, -4*u = 3*p - 197. What is the units digit of u?
3
Suppose 5*d - v - 312 - 3 = 0, -4*d - v = -243. What is the units digit of d?
2
Let n = 1 + -1. Let p = 14 + n. What is the tens digit of p?
1
Let n be -2 - ((-2 - -2) + -34). What is the units digit of (-4)/(-18) - n/(-18)?
2
Let x(v) = 4 - v - 10 - v. Let y be (3 - (10 + -3)) + 0. What is the units digit of x(y)?
2
Let c(k) = -3*k + 1. Let i be c(4). Let t = i - -28. What is the units digit of t?
7
Let v = 4 + -19. Let u be v/((-9)/3) - 2. Suppose 0 = 2*r + u*r - 15. What is the units digit of r?
3
Let z(m) = -2*m - 6. Let k(c) = -1. Let w(a) = 2*k(a) + z(a). Let r be 2/8 + 25/(-4). What is the units digit of w(r)?
4
Let t be -3 - -21*2/3. Suppose -t = -4*y + 13. What is the units digit of y?
6
Let p = -9 - -15. Suppose p = n + 1. Let k = n - -4. What is the units digit of k?
9
Let p(h) = 10 - 3 + h + 5*h + 2*h - h**2. What is the tens digit of p(7)?
1
Suppose 14*c + 381 = 17*c. What is the tens digit of c?
2
Suppose -4*l = -l. Suppose 2*j - 9 = 5*j, 3*p - 2*j - 96 = l. What is the units digit of p?
0
Let v(n) = 2*n**2 - 7*n + 4. Let o be (5 + -3)*(-1 - -3). What is the units digit of v(o)?
8
What is the tens digit of (-255)/(-4) - (-13)/52?
6
What is the hundreds digit of 1*(11/33)/((-2)/(-1986))?
3
Let i be (-3)/(21/(-6) - -2). Suppose i*w + 10 = -2*p + 48, 0 = 2*p - 6. What is the units digit of w/(-12)*(-6)/4?
2
What is the hundreds digit of 734/2 - (-2 - -17)/5?
3
Let q = -228 + 392. What is the tens digit of q?
6
Let p = 10 - -39. Suppose -4*m + p + 15 = 0. What is the tens digit of m?
1
Suppose -2*m + 6 = -18. What is the units digit of m?
2
Let f be (0/(-1))/(-2 - -3). What is the units digit of -2 + f - (2 + -5)?
1
Let t(k) = 5*k**2 + 2*k + 3. What is the units digit of t(-3)?
2
Let a(p) = -16*p - 2 + 15*p - 4. What is the units digit of a(-10)?
4
Suppose -5*u - 2 = 8. Let w be 22/(-18) + u/(-9). What is the units digit of w + 2 + 0 + 9?
0
Let r(o) be the first derivative of 3*o**3 + o**2/2 - o + 1. What is the units digit of r(1)?
9
Let w(o) = o**3 - o - 2. Let f be w(0). Let c = f - -2. Suppose 4*x - 8*x + 8 = c. What is the units digit of x?
2
Suppose -4*r + 2*j = -462 - 392, r + 2*j - 221 = 0. What is the units digit of r?
5
What is the tens digit of 132/(-165) + (-2538)/(-10)?
5
Let n(y) = y**3 + 5*y**2 + 5*y + 3. Let o be n(-4). Let c be ((-12)/(-3))/(o - -3). Suppose 0 = f, 3*f - c*f = 5*t - 30. What is the units digit of t?
6
Let t = -145 - -307. What is the hundreds digit of t?
1
Let s be -4 - (-7 + (1 - -2)). What is the tens digit of (-5)/10*(s - 64)?
3
Let n = -4 - -2. Let r = n + -1. What is the tens digit of (-1 - (-81)/r)/(-2)?
1
What is the units digit of (-2)/8 - 225/(-20)?
1
Let g be 46/6 + (-2)/(-6). Let i(x) = -x**2 - 8 + g*x - 6*x + 8*x. What is the units digit of i(8)?
8
Let f(d) = -2*d**3 - d**2 - 3*d - 1. Let a be f(-2). Suppose 0 = -5*g - 117 + a. Let p = g + 28. What is the units digit of p?
8
Let t = 79 - 72. What is the units digit of t?
7
Let k(i) = -3*i - 1. Let a be (-3 - 3)*2/3. Let l be k(a). Suppose 0 = -2*s + 13 + l. What is the units digit of s?
2
Let x(h) = 33*h**2 + h + 1. Let a be x(-1). Suppose j + a = 4*j. What is the units digit of j?
1
Let q be (-11)/(-5) + (-6)/30. Let r = 6 + 6. Suppose y = r - q. What is the tens digit of y?
1
Let s be (-48)/(-27) - 6/(-27). Let l be (-1)/s*(-1 + 17). Let p = -4 - l. What is the units digit of p?
4
Suppose 0*m = 5*m, -6 = -3*h + 5*m. What is the tens digit of 1/h + (-194)/(-4)?
4
Let d = 5 + 1. Suppose d = -5*q + 26. What is the units digit of q?
4
Let p(v) = 2*v**2 - 3*v + 1. Let i be p(2). Suppose -2*d - 6 = 2*y, 8 = -y - 3*d - 3. Suppose i*h = y + 20. What is the units digit of h?
7
Let t = -2 + 7. Suppose 1 = 2*c + 3*c + 2*s, -3*s = t*c + 1. What is the units digit of c?
1
What is the units digit of 1/5 + (-356)/(-20)?
8
Let c = 35 + -21. What is the tens digit of c?
1
Let z(y) = 2*y - 2. Let l be z(2). Suppose l*c + 4 = 2*h, 0 = 4*h - 4*c + c - 9. What is the units digit of 30/h - (-1 - -4)?
7
Suppose 4*m = 3*u + 5, m + 4*u = 9 - 3. Suppose -m*g - 2*g = -88. What is the units digit of g?
2
Let p = 9 + -10. Let n(c) = -2*c. What is the units digit of n(p)?
2
Let b(a) = 3*a**2 - a + 8. Let i = 13 + -8. Let q(w) = w**2 + 1. Let c(g) = i*q(g) - b(g). What is the tens digit of c(-3)?
1
Let z(d) = -d**3 - 2*d**2 - d - 4. Let s be z(-3). Suppose -y = -3*m + 12, 5*y + s = 6*y + m. Suppose g - 1 = y. What is the units digit of g?
4
Let w(k) = k + 6. Let y be w(-4). Let l = y - -7. What is the units digit of l?
9
Let l(k) = k**2 + 10*k - 18. What is the tens digit of l(-16)?
7
Let b(t) = t**3 - 4*t**2 - 4*t + 7. Let c be b(5). Let h be (-3 + 1)*(-1 - 1). Suppose h = 2*k - c. What is the units digit of k?
8
Let t = -70 - -102. Suppose -3*p = 15 + 45. Let c = p + t. What is the units digit of c?
2
Let r be ((-1)/(-1))/(1/(-23)). Let h = r - -37. What is the tens digit of h?
1
Suppose -16 = -0*c - c. Suppose y + 2*j - c = 11, -y + 9 = -4*j. What is the units digit of y?
1
Let m = 52 + -4. What is the tens digit of m?
4
Let j = -56 + 136. Suppose 2*q - j = -2*q. What is the units digit of q?
0
Let u(c) = 6*c**2 + 4*c - 3. What is the units digit of u(-6)?
9
Suppose -5*a + 20 = 0, 0 = 3*m - 3*a + 1 + 2. Suppose 5*l + m*t = 5*t + 11, 3*l + 6 = -3*t. Suppose b - l - 4 = 0. What is the units digit of b?
5
Suppose -4 - 6 = -5*c. Let x(o) = -o**2 - 11 + 0*o**2 + 2*o**c - o + 10*o. What is the units digit of x(-11)?
1
Let k = 16 - 11. What is the units digit of k?
5
Let h(c) = -c**2 + c + 2. Let m be h(3). Let s = m + 5. What is the units digit of s - (-11 + -2 - -1)?
3
What is the units digit of ((-2)/(-5))/((-6)/(-30))?
2
Suppose h = -4*d - 2*h + 1, 5*d + 4*h = 0. Suppose -d*x = 6 - 50. What is the tens digit of x?
1
Suppose 4*n = -5*y + 3*n + 16, -y - 4*n - 12 = 0. Suppose 0 = -4*z + 4*h - 188, -2*z - 4*h = -y*z - 104. Let a = -23 - z. What is the tens digit of a?
1
Let f be (-2)/4*2*0. Let i = 11 - f. Suppose -2*y = 3*q - 19, y = 5*y - 3*q - i. What is the units digit of y?
5
Suppose l - 10 = -4*u, u + 0*l - 13 = 5*l. Let w be 2 + -2 + -1 + u. Suppose -2*g + r - 12 = -7*g, 0 = w*g + 5*r + 9. What is the units digit of g?
3
Suppose 3*q + 2*w - 23 = 0, 7 - 2 = 5*w. Let s(v) = v + 3. Let g(n) = -6*n - 16. Let h(u) = -6*g(u) - 33*s(u). What is the tens digit of h(q)?
1
Let o = 1 + -2. Let j(i) = 8*i**2 + 1 + 2*i + 0*i + 0. What is the units digit of j(o)?
7
Let f(p) = -p**2. Suppose 3*o = -11 - 7. Let l(v) = -3*v**2 - v. Let u(d) = o*f(d) - l(d). What is the units digit of u(-1)?
8
Let a(m) = m**2 - 10*m + 10. Suppose -b + 2*b - 9 = 0. What is the units digit of a(b)?
1
Let k(n) = n**3 + 9*n**2 - 3*n + 4. Let b be k(-9). Let p = -20 + b. Let g = p - 6. What is the units digit of g?
5
Let q = -1 - 3. What is the tens digit of (16/3)/(q/(-18))?
2
Let s be 2/(-18)*-3*6. Let v(m) = m**3 - m**2 + 2*m - 2. Let h be v(s). Suppose -2*w + 5*w - h = 0. What is the units digit of w?
2
Let b = -5 - -8. Suppose -3*f + 2*v = 8, 0 = b*f - v + 3 + 1. Suppose 0*h - 3*h + 9 = f. What is the units digit of h?
3
Suppose -v + u = 0, 0 = -0*u - 3*u + 6. Suppose v*w - w - 39 = 0. What is the tens digit of w?
3
Suppose -5*k - 49 = 5*u + 31, k + 5 = 0. Let r(o) = -o - 9. What is the units digit of r(u)?
2
Let q = -36 + 56. Supp